 b. Give f(1).
-6
Let z = -123569/6 + 20595. Let m(x) be the second derivative of -41*x + 0 + z*x**3 - 4*x**2. What is m(0)?
-8
Let h(n) be the first derivative of -n**5/120 - n**4/4 + 100*n**3/3 + 102. Let z(v) be the third derivative of h(v). Determine z(-7).
1
Let i(k) = 19*k**3 + 6*k**2 - 5*k - 5. Let n(d) = -20*d**3 - 7*d**2 + 6*d + 6. Let m(z) = 6*i(z) + 5*n(z). Suppose 9 = 15*u - 25*u - 1. Determine m(u).
-13
Let k(b) = -b**3 + 46*b**2 - 529*b + 2. Let y be k(23). Let t(c) = 8*c**2 + 6*c - 14. Calculate t(y).
30
Suppose -4*k + 2 = -38. Let g(w) = 2*w + 5*w + 7*w - 21*w - 8 + 8*w. Give g(k).
2
Let p(t) = -t**3 - 17*t**2 + 49*t + 564. Let b be p(-18). Let c(v) = -v**2 + 4*v - 4. What is c(b)?
-16
Let g(n) = 36*n - 107709 - 4*n + 107714. What is g(3)?
101
Let o be 1*-1 - (-69 - 17). Let u = o + -93. Let i(n) = -3*n - 29. Let x(r) = -2*r - 19. Let w(q) = -5*i(q) + 8*x(q). Determine w(u).
1
Suppose 0 = 3*h + 10*p - 6*p - 25, -2*p = 4. Let a(b) = 5*b - 63. Give a(h).
-8
Let q(p) = -p - 6. Let b(l) = 2*l + 6. Let a(f) = -3*b(f) - 4*q(f). Let t(x) = 25*x + 755. Let n be t(-30). What is a(n)?
-4
Let b(m) = -3*m - 15. Suppose -89*w = -93*w. Suppose w = 83*v - 78*v + 30. Calculate b(v).
3
Let d(j) = 3*j - 2. Let f(x) = 3*x - 1. Let i(w) = 2*d(w) - 3*f(w). Let r be i(-1). Let q(m) = -4*m**2 + 1 - 14*m**r + 27*m**2. Calculate q(1).
10
Let o(j) be the first derivative of 0*j + 0*j**4 + 38 - 1/120*j**6 + 9*j**2 + 7/6*j**3 - 1/60*j**5. Let t(a) be the second derivative of o(a). Determine t(0).
7
Let p(t) be the first derivative of 13 + 3*t**2 - 7/3*t**3 + 1/4*t**4 + t. Let c be p(6). Let f(y) = 2*y**2 - y + 1. Give f(c).
2
Let p = 23 + -23. Let j(d) = 2*d**3 + d**2 - d + 15. Let t be j(p). Suppose -9*x = -7*x + t*x. Let m(r) = r**2 + r - 4. Give m(x).
-4
Let c(s) = 32*s**3 + s**2 + 3*s + 1. Let k be (-9)/4 + 1 + (-92)/(-368). Determine c(k).
-33
Let b(g) be the second derivative of -g**3/6 + 2*g**2 - 7*g. Let d(o) = -2*o**2 - 35*o - 142. Let h be d(-11). Determine b(h).
3
Let n(s) = s**3 - 14*s**2 + 30*s + 38. Let q be n(12). Suppose -q = 12*v + 10*v. Let t(p) = p**3 + 6*p**2 + 6*p + 2. Give t(v).
-3
Let t(p) = -p**3 - 14*p**2 - 14*p - 12. Let b be t(-13). Let n(r) be the third derivative of -19*r**4/24 - 198*r**2. Calculate n(b).
-19
Let s(u) = 0*u**3 - u**2 - 12546802*u + u**3 + 12546801*u - 26. What is s(0)?
-26
Let l = -25684 - -25673. Let m(w) = -w**3 - 10*w**2 + 5*w - 46. Give m(l).
20
Let r(n) = -n**3 - 3*n**2 + 3*n + 5. Suppose 77*m + 22 = 72*m + j, 0 = -j + 2. Determine r(m).
9
Let p(o) = 43*o**3 + 26*o**2 - 2*o + 2. Let k(n) = -37*n**3 - 25*n**2 - n - 2. Let m(s) = -7*k(s) - 6*p(s). Give m(-18).
-16
Let r(v) = 11*v + 81. Let c be r(-7). Suppose -o = -n + o + 21, -c*n + 69 = -5*o. Let x(a) = -a**3 + 12*a**2 - 12*a + 7. Calculate x(n).
-4
Let n(o) be the second derivative of -o**2 + 2/3*o**3 + 0 - 3*o + 1/3*o**4 - 1/20*o**5. Let y(h) = -309*h - 2777. Let a be y(-9). Give n(a).
14
Let f = -8840 + 8848. Let n(x) = x**2 - 11*x + 27. Calculate n(f).
3
Let s(z) be the third derivative of -z**6/90 - z**5/120 + 3*z**3 - 46*z**2. Let r(h) be the first derivative of s(h). Calculate r(-1).
-3
Let b(z) = -6*z - 40. Let t = 432 + -444. Determine b(t).
32
Let x(t) be the first derivative of -t**6/120 - t**5/12 + 7*t**4/24 - 2*t**3/3 + 5*t**2/2 + 50. Let j(i) be the second derivative of x(i). Determine j(-6).
-10
Let y(o) = o**3 + 6*o**2 - 5*o + 8. Let b be y(-7). Let u(a) = 43*a**2 + 28*a + 15. Let d(i) = 6*i**2 + 3*i + 3. Let v(s) = 7*d(s) - u(s). Determine v(b).
12
Let m(p) = -p**3 + 41*p + 6*p**3 + 40*p**2 - p**3 - 85*p + 5. Let r(j) = -j**3 - 10*j**2 + 11*j - 1. Let i(b) = 2*m(b) + 9*r(b). Determine i(-11).
1
Let z(r) = -r**2 + 26*r - 1. Let i be 31 + (-100)/15 + (-30)/(-45). Calculate z(i).
24
Let w(g) = g**3 - 8*g**2 + 9*g - 9. Let t be w(7). Suppose -3*l + 11*l = 40. Let c(a) = -5 + l*a + 5 + 3*a**2 - 4 + a**2 - a**3. What is c(t)?
-4
Let y(x) = x**3 + 1. Let s(r) be the first derivative of -5*r**4/4 + 2*r**3 - r**2 - 10*r + 257. Let w(d) = s(d) + 4*y(d). What is w(5)?
9
Let s(k) = k**3 + 4*k**2 - k. Let v(c) = -13 + 15*c - 17 + 20 - 2*c**2. Let h be v(6). Let d be -2*4/16*h. Calculate s(d).
4
Suppose -4*h + 2066 = 2*z, -5*h = -3*h - 2*z - 1030. Let w = 507 - h. Let x(m) = -m**2 - 8*m + 10. Calculate x(w).
1
Let i(n) = -n**3 - 4*n**2 + 7*n + 31. Let d be (8 + -13 - -4) + (-7 - (-3 - 1)). Determine i(d).
3
Let n = 129 + -125. Let y(h) = 3*h**3 + 547*h**2 - h - 9 - n*h**3 - 557*h**2. Calculate y(-10).
1
Suppose 4*z - 6*z = 4. Let u(i) be the third derivative of i**7/2520 + i**6/240 + 11*i**5/20 + 5*i**2. Let c(j) be the third derivative of u(j). Determine c(z).
-1
Let d(t) = 19*t - 6*t - 66 + 67 + 74. What is d(-6)?
-3
Let w(z) = -z**3 + 3*z**2 + 4*z + 5. Let i be w(4). Let u = -130 + 131. Let f(n) = -4 - n + i + u. Give f(4).
-2
Let p(l) be the second derivative of l**4/12 + 2*l**3/3 + l**2 - 19*l. Suppose -2*w - 2*w = -5*h + 730, 4*h - 584 = -3*w. Suppose 144*u = h*u + 10. Give p(u).
7
Suppose 0 = 19*u - 24*u + 10. Let m(v) = -52*v + 19*v + 17*v - 1 + 19*v. Calculate m(u).
5
Let u(m) = -m**3 - 11*m**2 + 5. Let x be u(-11). Suppose 4 = 3*s - 5. Suppose w - 3*o = -s*w + 1, -x*o = -5*w + 5. Let l(j) = -j**2 - 2*j - 1. Determine l(w).
-1
Let h = -11 + 5. Let q(g) = -2*g + g + g + g + 31 - 17. Give q(h).
8
Let n(w) = -w**2 + 6*w**2 + 6 + 4*w + w**3 - 9*w. Let l be 2/(-4)*(30 + -14). Let t be (l/48*-2)/(3/(-54)). What is n(t)?
0
Let o(u) = u + 7 - 9*u - 3*u**2 - 8*u + 2*u**2 + 5*u. What is o(-8)?
31
Let i = 293 - 290. Let z(o) = o**i - 84 + 159 - 62 - o - 9*o**2. Give z(9).
4
Let x(i) be the second derivative of -i**4/12 - 7*i**3/6 - 13*i**2/2 - 99*i. Let v be x(-2). Let m(h) = h**3 + 3*h**2 - 1. What is m(v)?
-1
Suppose -5*z - 266 = -286. Suppose z*b - 2*m = -14, -b + 3*m = -3*b - 3. Let r(i) = -5*i - 3. What is r(b)?
12
Suppose 5*m - 7 = d, 320*d + 3*m - 7 = 321*d. Let r(j) = 1 + 11 - j + 3*j. Calculate r(d).
-2
Let o(d) = -d**2 + 3*d - 9. Let u(b) = -b**2 + 42*b + 74. Let m(a) = -2*o(a) + u(a). Determine m(-33).
-7
Let v be 4 - (7 - (-4 - -11)). Let l(q) = -4 + 0 + v - 4*q. Calculate l(-2).
8
Suppose -22 + 2 = 2*h - 4*y, 5*y - 14 = -3*h. Let b = h + -2. Let z(m) = 1958 - 3962 - 4*m + 2*m + 2004. Give z(b).
8
Let z(m) = 9*m**3 - 2*m**2 + 1. Let q = 94 - 75. Suppose -q = -l - 2*h - 2, -4*l - 5*h = -53. Suppose 5*x + 3*c - 11 = 0, -3*c + 3 = 4*x - l. Determine z(x).
8
Let i(k) = 6*k - 1. Let w(a) = -a**3 + 11*a**2 - 7*a - 29. Suppose -9 = 6*j - 69. Let d be w(j). What is i(d)?
5
Let a(k) = 10*k - 75. Let c be a(8). Let p be (2/c*1)/((-15)/75). Let i(q) be the first derivative of -q**4/2 - q**3/3 + 3*q**2/2 + 2*q + 1. Determine i(p).
8
Let j(c) be the first derivative of c**3 + 1/4*c**4 - 74 + 2*c + 2*c**2. What is j(-2)?
-2
Let r(n) = -859*n**3 - n**2 + n. Let a be r(-1). Let d(b) = 866*b - 1716*b + a*b + 5*b**2 - b**3 - 1. Let h be ((-1)/2)/(6/(-72)). Give d(h).
5
Let y be (-3 - -2)/(7 - 6). Let l = 3 + y. Let k(h) = -2*h**3 - 3*h**2 - 23*h - 23. Let j(i) = -i**3 - i**2 - 10*i - 10. Let v(g) = 7*j(g) - 3*k(g). Give v(l).
-3
Suppose 3*d + 1 = 4*n, -2*d + 6*n - 3*n - 2 = 0. Suppose f + 0 = -d. Let r(z) = z**3 + 5*z**2 + z - 3. Determine r(f).
-8
Let h(x) = -x + 1. Suppose 295 - 55 = -10*u. Let j = 20 + u. Let s be 4/(j/(-22) + 39/(-33)). Calculate h(s).
5
Let m(u) = u**3 + u + 37. Let b(z) = -2*z**3 - 10*z**2 - 26*z - 72. Let s be b(-4). Give m(s).
37
Suppose -7 = -18*l - 48 - 175. Let c(o) = -2*o**3 - 29*o**2 - 4*o - 17. Let z(b) = 3*b**3 + 44*b**2 + 6*b + 26. Let p(q) = 8*c(q) + 5*z(q). What is p(l)?
18
Let j(q) = 1 + 0 + q**2 - 3 + 4*q. Let n = 581 - 581. Suppose -4*o + 9*u - 8*u - 28 = n, -o + 6 = 3*u. Calculate j(o).
10
Let c(h) = h**2 - 10*h + 28. Let m be c(6). Suppose 4*t - 5 = 5*b - 44, 9 = -m*t - 5*b. Let w(j) = -2*j - 6. What is w(t)?
6
Let m(r) = r**2 - 10*r + 10. Let b be 0 - 12/(-8)*(1 - -1). Let z(d) = -4*d + 5*d - d**2 - 4*d - b + 2*d**2. Let g be z(-2). Give m(g).
-11
Let l(i) = i**2 - 2*i - 5. Let c(b) = 2*b**2 - 5*b - 11. Let r(q) = 4*c(q) - 9*l(q). Suppose 152 = 4*v - 724. Let m = v + -222. What is r(m)?
-2
Suppose -5*c - 6 = 19, -5*k + 4*c + 65 = 0. Let n(u) = 14 + k - 21 + u. Calculate n(-8).
-6
Let p(n) = n**2 - 70*n + 133. Let l